s) = 10*s - 1. Let v be d(-1). Suppose -2*i + 64 = -0*i. What is the remainder when i is divided by (5 + -2 - v) + -3?
10
Let j(c) = 40*c - 5. Let s be j(2). Suppose -6*i = -3*i - s. Calculate the remainder when i is divided by 7.
4
What is the remainder when (-135)/(-2) - (-24)/16 is divided by 18?
15
Suppose 1208 = 14*j - 10*j. Calculate the remainder when j is divided by 38.
36
Let p(c) = c. Let t be p(14). Let r = t + 36. What is the remainder when r is divided by 13?
11
Calculate the remainder when 94 is divided by (-3 - -1)*(-1 - 11).
22
Let n(t) = t - 1. Let z(f) = 26*f - 6. Let w(r) = 8*n(r) - z(r). What is the remainder when w(-2) is divided by 9?
7
Let u be 2 + (1 - 3) + 5. Let o = 9 + -15. Let n = u - o. What is the remainder when 32 is divided by n?
10
Suppose 0 = -b - 10 + 89. Suppose 4 = -5*y + b. What is the remainder when y is divided by 9?
6
Let l = -41 + 108. What is the remainder when l is divided by 23?
21
Suppose -2*s + 147 = 47. What is the remainder when s is divided by 17?
16
Let o = 3 - -6. Let i(z) = -5 - z**2 - 5 - 4 + 10*z + 15. What is the remainder when 28 is divided by i(o)?
8
Let m(c) be the first derivative of -c**3/3 - 7*c**2/2 + 5*c + 5. What is the remainder when 19 is divided by m(-7)?
4
Let n(l) = -l**2 - 2*l - 2. Let c be n(-2). Let q = c + 10. Calculate the remainder when q is divided by 3.
2
Suppose 7*p - 2*p = 145. Calculate the remainder when p is divided by 6.
5
Suppose 2*n = -3*n + 160. What is the remainder when 94 is divided by n?
30
What is the remainder when -2 - 64/6*(-2 - 1) is divided by 2/(2/(-44)*-4)?
8
Let m be 3/(0 + -6)*-4. Suppose -m*n + 5*n = 3*g + 87, -4*g - 147 = -5*n. What is the remainder when n is divided by (-6)/9 - (-35)/3?
9
Suppose d = -d + 12. Calculate the remainder when d is divided by 2.
0
Let l(g) = -g**2 + g - 2. Let n be l(-3). What is the remainder when (-1)/((n/(-96))/(-7)) is divided by 17?
14
Suppose 3*d = 6*d - 225. What is the remainder when d is divided by 13?
10
What is the remainder when 3/6*-2 - -5 is divided by 2?
0
Suppose k - 10 = -2*u - k, u - 2*k + 10 = 0. Suppose 5*r + 4*w = 149, -2*r - 4*w + 0*w + 62 = u. Calculate the remainder when r is divided by 10.
9
Let m = 64 + -49. What is the remainder when 89 is divided by m?
14
Let p(q) = q**3 - 4*q**2 + 2*q + 3. Let n be 20/6*(-12)/(-10). What is the remainder when 21 is divided by p(n)?
10
Suppose 18 = -3*l + 4*l. What is the remainder when 35 is divided by l?
17
Let u(h) = 5*h**2 - 4. Let t(q) = -q. Let k(x) = -t(x) + u(x). Suppose -6*o + 117 = 27. Calculate the remainder when k(3) is divided by o.
14
Let a(f) = 17*f - 94. Suppose -3*r + 81 = 3*t - 0*r, 5*t + 3*r - 143 = 0. Calculate the remainder when a(9) is divided by t.
28
Suppose 0*j - 2*j = -24. Let w be 135 - 1/(-1 - 0). Suppose 0*c = -4*c + w. Calculate the remainder when c is divided by j.
10
Let x(f) = -f**3 - 11*f**2 - 12*f - 14. Let t be x(-10). Suppose -9*z + 78 = -t*z. Calculate the remainder when 76 is divided by z.
24
Suppose 14 = 4*y - 3*b, -4*y + 2*b = b - 18. Suppose -y*g + 1 = 2*v, -5*g + 10 = 3*v + 1. Calculate the remainder when 23 is divided by v.
7
Let c(l) = 3*l**2 - 2*l - 30. Calculate the remainder when c(-7) is divided by 44.
43
Suppose 119 + 22 = 3*g. Let m = 86 - g. Suppose 5*n - m = -c - 12, 5*n - 5*c = 45. Calculate the remainder when 11 is divided by n.
5
Suppose 7*i - 2*i + x = 337, -331 = -5*i - 3*x. Let o = i - -2. What is the remainder when o is divided by 18?
16
Suppose 159 = 13*c + 42. Calculate the remainder when 5*24/(-10)*-2 is divided by c.
6
What is the remainder when 10 is divided by 5/1 - (5 + -1 + -5)?
4
Suppose 39 + 9 = 2*y. Let l(n) = -2*n - n**2 + 2*n**3 - n**3 + n - 2. Calculate the remainder when y is divided by l(3).
11
Let f = 6 - 2. Let x(d) = -d**3 + 4*d**2 + d - 1. Calculate the remainder when x(f) is divided by -5 + (14 - 2 - 5).
1
Let i(f) = f**3 + 7*f**2 + 3*f + 7. Suppose 70 = 6*j - 8. What is the remainder when i(-6) is divided by j?
12
Let x = -4 + -24. Let v be 8/x + (-144)/(-14). What is the remainder when 37 is divided by 135/v + 1/(-2)?
11
Suppose 4*o + 3*c - 4 = 7*c, 0 = 4*o - c - 10. Suppose 20 = o*q - x, 4*q - 4 = -2*x + 16. What is the remainder when 11 is divided by q?
5
Suppose 0 = 5*b - b + u - 141, 4*b = u + 131. What is the remainder when b is divided by 8?
2
Let p be -2*(-1*4 + 3). Suppose 7 = -p*s + 19. What is the remainder when 22 is divided by s?
4
Let k(b) = 12*b + 9 + 8 - 13*b. Suppose -i - 3*u = 0, -2*i + 3*u = -0*u - 9. Calculate the remainder when k(12) is divided by i.
2
Suppose -4*f = -4*q + 104, 5*q + f - 3*f - 124 = 0. Let o = 10 - 1. What is the remainder when q is divided by o?
6
Suppose 3*w + 9 = 2*n + n, 4*n = -2*w. What is the remainder when 6 is divided by n?
0
Let t(p) = 18*p + 1. Suppose -7 = 3*k + c + 318, -12 = 3*c. Let j = -71 - k. What is the remainder when j is divided by t(1)?
17
Suppose -b + 357 = 2*b. Calculate the remainder when b is divided by ((-180)/42)/(2/(-14)).
29
Let t(r) = -5*r**3 - r**2. Let u be t(-1). Suppose 42 = u*q - q. Calculate the remainder when q is divided by 9.
5
Let n(z) = -z**3 - 7*z**2 + 7*z - 3. Let x be n(-8). Let a(b) = -b**2 + 6*b - 2. What is the remainder when a(x) is divided by 1?
0
Suppose -3*z + 2 = -4. What is the remainder when 5 is divided by z?
1
Let c(n) = 5*n - 26. What is the remainder when c(12) is divided by 12?
10
Let g(t) = 5*t**3 + t**2 - 2*t + 1. Let b be g(1). Let l = -1 + b. Suppose -5*s - l*h = -252, -s + 46 = -h + 4*h. What is the remainder when s is divided by 18?
16
Suppose l - j - 23 = -l, 3*l - 3*j - 27 = 0. Calculate the remainder when 41 is divided by l.
13
Let u(r) = r**3 - 4*r**2 - 6*r - 1. Let y be u(5). Let p(a) = -a**2 + 0*a**2 - 9*a + 2 - 4. What is the remainder when 30 is divided by p(y)?
14
Suppose 2*d - 36 = -d. Suppose 0 = -3*w + 3*j - d + 45, 0 = -2*w + 5*j + 37. Suppose 132 = -3*f + w*f. What is the remainder when f is divided by 15?
14
Suppose 3*x = 4*g - 323, 0 = -5*g + 2*x + 141 + 254. What is the remainder when g is divided by 6/(-21) + (-368)/(-14)?
25
Let z be ((-22)/4*4)/(-1). What is the remainder when 35 is divided by 4/(-22) + 202/z?
8
Let p(a) = 13 - 4*a + 0*a - a**2 + 9*a. Let g be p(-10). What is the remainder when (-2)/9 - g/9 is divided by 8?
7
Suppose 5*z + 26 = 3*v, -4*v - 5*z = -0*v + 12. Let o(y) = 2*y - 7. Let s be 2/((-6)/(-3))*6. Calculate the remainder when o(s) is divided by v.
1
Suppose -3*p = -99 + 15. Calculate the remainder when p is divided by 54/12 - (-3)/2.
4
Suppose -4*g + 3*l = -99, -4*g + 4*l = -5*g + 39. Calculate the remainder when 77 is divided by g.
23
Suppose 4*x - y - 65 = x, -2*x = 2*y - 30. Suppose -5*z + 4*q + q + x = 0, 2*q + 8 = 0. Suppose z*g + 7 = g. What is the remainder when g is divided by 5?
2
Suppose 0 = -4*s + 2*z + 58, 5*s = -0*s + 2*z + 74. Calculate the remainder when 63 is divided by s.
15
Suppose r = -3*t - 6, -3*t = 4*r - 14 + 2. Calculate the remainder when 40 is divided by r.
4
Calculate the remainder when 169 is divided by (-12)/18*(-387)/6.
40
Let d(f) = -f**2 - f + 50. Suppose y = -4*y. Calculate the remainder when d(y) is divided by 13.
11
Suppose -5*t = -72 - 138. Calculate the remainder when t is divided by 22.
20
Let j = -5 + 4. What is the remainder when j + 5/(3/3) is divided by 2?
0
Suppose -2*o + 2 = 3*x - 19, -3*x - o = -21. What is the remainder when (-2 + 21)*1 - 0 is divided by x?
5
Suppose -2*x = y + x - 18, y - 8 = -x. Let d be 15 - (-4 + -2)/y. Suppose 5*b + 6 = -m - 1, -4*b - d = -3*m. What is the remainder when m is divided by 2?
1
Suppose 143 = f + 120. Calculate the remainder when 67 is divided by f.
21
Let w(y) = -y**2 - y + 1. Let j be w(-2). Let c = 8 + j. What is the remainder when 11 is divided by c?
4
Suppose 5*o = j + 65, 2*j = 5*o - 19 - 46. Calculate the remainder when (o/1)/(3/12) is divided by 18.
16
Suppose -4*f - f + 50 = 0. Calculate the remainder when 8 is divided by (18/15)/(4/f).
2
Let i(y) = -10*y - 17. Let m(q) = 30*q + 51. Let c(w) = -17*i(w) - 6*m(w). What is the remainder when c(-6) is divided by 16?
11
Let v be (39 - 4) + 3/(-1). Suppose i - v = -3*i. Let k = i + 2. Calculate the remainder when 19 is divided by k.
9
Suppose -3*x - 5*o + 11 = -x, -5*o - 79 = -3*x. Calculate th